ainder when h is divided by o(6).
12
Let h = 192 + -113. Suppose -5*a = -5*l - 140, 4*l - 18 = -3*a + 59. What is the remainder when h is divided by a?
25
Let z be (-241)/2 + 3/6. Calculate the remainder when 19 is divided by z/(-16) - 2/4.
5
Let r(x) = 15*x**2 + 4*x - 4. Calculate the remainder when r(2) is divided by 13.
12
Let h = -22 + 37. Let f(k) = k + 11. Calculate the remainder when h is divided by f(-5).
3
Suppose -4*b + 603 - 63 = 0. What is the remainder when b is divided by 34?
33
Let q be 28/13 - 2/13. Suppose 6*r - q*r - 48 = 4*a, 3*r - 12 = -5*a. Calculate the remainder when 24 is divided by r.
6
Let c(v) = -v**2 - v + 12. Suppose 12 = -2*z + x - 4*x, -z - 2*x = 8. What is the remainder when c(z) is divided by 5?
2
Let w(g) = -2*g**2 + 3*g**2 - 3 + 4*g - 10. Let j be w(-12). Suppose 2*h = -19 + j. What is the remainder when h is divided by 17?
15
What is the remainder when 8 is divided by (4 - 7)/(3/(-2))?
0
Suppose 0 = -2*w - 6, -4*a - 5*w = -6*a + 33. Let g(n) = -n**3 + 9*n**2 + 2*n - 1. What is the remainder when g(a) is divided by 6?
5
Suppose -5*l + 3*m = 4*m - 220, -220 = -5*l - 5*m. Calculate the remainder when l is divided by 12.
8
Let c(l) = -l**3 - 10*l**2 - 5*l - 8. What is the remainder when c(-10) is divided by 11?
9
Suppose 15 = 3*m + 3*q, -q = -3*m - 2*m + 7. Suppose m*d + 3*d - 95 = 0. Calculate the remainder when d is divided by 5.
4
Suppose -1 = 3*v + 11, 0 = w + 4*v + 86. Let b = w - -98. What is the remainder when b is divided by 10?
8
Suppose -3*i = d - 67, -6*d + 3*d - 6 = 0. Calculate the remainder when 112 is divided by i.
20
Suppose -24 = -4*i - 2*g, 17 = 4*i + 5*g + 5. Calculate the remainder when 4/(-2)*1 - (15 + -47) is divided by i.
6
Let d(s) = -s**3 + 7*s**2 - 7*s. Calculate the remainder when 57 is divided by d(5).
12
Let b be (-16)/7 + 6/21. Let y = b + 17. What is the remainder when 28 is divided by y?
13
Let l(s) = 2*s + 19 - 3*s - 9 + 10. What is the remainder when 58 is divided by l(0)?
18
Suppose -3*a = -0 - 3. Suppose -18 = -s - a. What is the remainder when s is divided by 9?
8
Suppose l - 4 = 1. Suppose -3*v - 42 = -3*c, -l*c - v - 9 = -91. What is the remainder when 38 is divided by (-2 - -2) + -3 + c?
12
Calculate the remainder when (-858)/44*(-8)/3 is divided by 18.
16
Suppose 0 = 2*w - 2*l - 22, -5*l = 2*w - 0*l - 36. Suppose -5*o + 7*c = 5*c - 24, -10 = 5*c. Calculate the remainder when w is divided by o.
1
Let i(n) = 49*n + 1. Calculate the remainder when i(1) is divided by (-1 + 40)/(3/2).
24
Suppose 0 = 4*q + 3*t - 339, -10 = -t - t. Suppose -2*b - 38 = -2*f, -q = -f - 3*f + 5*b. Calculate the remainder when 6/(-21) - (-564)/14 is divided by f.
12
Suppose -12 = -4*m, 0*f - 4*f + 3*m = -11. Suppose 210 = 3*v + f*g, -4*g + 366 = 5*v - g. Calculate the remainder when v is divided by 26.
23
Suppose -2*q = -q + 2. Calculate the remainder when (7 + -5)*(q + 6) is divided by 5.
3
Let s = 0 - -2. Let o = s - -3. Let d(q) = q**3 - 8*q**2 + 3*q - 10. Calculate the remainder when d(8) is divided by o.
4
Suppose 0 = -4*r + 143 - 35. Suppose 2*b = -5*i + 76, b - 34 = -3*i + 11. What is the remainder when r is divided by i?
13
Let j = 31 + -16. Calculate the remainder when j is divided by 4.
3
Let b be (-2)/2 + 2 + 1. Suppose 2*d + b*d - 52 = 0. Calculate the remainder when (4/(-6))/(2/(-72)) is divided by d.
11
Suppose 3*s = 4*s - 22. Let c = 17 + -14. What is the remainder when 40 - (c + (-8 - -3)) is divided by s?
20
Suppose -m - 9 = -4*m. What is the remainder when 7 is divided by m?
1
Suppose 2*w + 0*w - 38 = -4*m, -12 = -3*m + 4*w. Suppose 99 = 4*y + 5*j, 2*y + j - 20 = 25. Calculate the remainder when y is divided by m.
5
Let v = -39 + 129. What is the remainder when v is divided by 23?
21
Let y(t) = -t**2 + 16*t + 24. Calculate the remainder when 153 is divided by y(15).
36
Let a be 12/16*32/6. Suppose 11 = 5*y - a. Let z(q) = 4*q - 3. Calculate the remainder when z(3) is divided by y.
0
Let g(r) = -r + 7. Let n be g(4). Suppose -s - n*z = -7, 4*s = s - z + 29. Calculate the remainder when 27 is divided by s.
7
Let i(y) = 4*y**2 + 3*y + 2. Suppose -4*f + 3*m + m + 8 = 0, -m = 2*f + 11. What is the remainder when i(f) is divided by 15?
14
Suppose -2*v = -i - 0*i + 5, 0 = i + 5*v + 2. Suppose 2*o - 85 = -i*o. Suppose 23 = 4*z - 1. What is the remainder when o is divided by z?
5
Calculate the remainder when (-1)/((-12)/512) - 4/6 is divided by 11.
9
Let n = 36 + -13. What is the remainder when 112 is divided by n?
20
Let s = 76 - 36. Calculate the remainder when s is divided by 15.
10
Suppose 2*w - 31 = -0*w - 3*t, 0 = 3*t - 15. Calculate the remainder when 39 is divided by w.
7
What is the remainder when (-400)/(45/(-27) + (-2)/(-3)) is divided by 67?
65
Let w(z) = -z**2 + 7*z + 1. Let u be w(7). Suppose -5*h + 28 = 2*t, -2*t + h + 41 = u. Calculate the remainder when t is divided by 5.
4
What is the remainder when 10 is divided by (-27)/(-18)*(1 - -1)?
1
Let n = -21 - -48. What is the remainder when (-4)/14 - 732/(-14) is divided by n?
25
Let q = 15 + -3. What is the remainder when q is divided by 8?
4
Let i(a) = -a**3 + 23*a**2 + 31*a - 133. Let f = -2 + 0. What is the remainder when i(24) is divided by 0 + 13 + 2/f?
11
Let s = -133 - -240. Calculate the remainder when s is divided by 27.
26
Let c(f) = -6*f + 1. Let j be c(-4). Let g be 1/(-5) - (-105)/j. Suppose -3*n - 18 - 57 = -3*r, -g*n = 20. Calculate the remainder when 39 is divided by r.
19
Suppose -4*x - 4*d + 21 = -3*x, 62 = 4*x + 5*d. Suppose -2*t = -t - x. What is the remainder when t is divided by 4?
1
Suppose 0 = 3*f + 2*f - 65. Suppose q + 0*q = -8. Let o = -4 - q. Calculate the remainder when f is divided by o.
1
Let g be (21/(-12))/((-2)/8). Let j(m) = m**3 - 5*m**2 - 3*m - 1. Let t be j(6). Suppose -2*s + t = -g. What is the remainder when 35 is divided by s?
11
Let n(a) = -8*a + 1. Let c be n(8). Calculate the remainder when 39 is divided by 4/14 - 864/c.
11
Let f(b) = b**3 - 6*b**2 + 6*b - 3. Let y be f(5). Suppose 0 + 14 = l + 2*m, -3*l - 4*m = -38. Calculate the remainder when l is divided by y + (-4 + 0)*-1.
4
Let t(j) = -2*j + 4. Let s(o) = -3*o + 9. Let g(y) = 3*s(y) - 5*t(y). Let n(z) = z**3 + 5*z**2 + 2*z - 4. What is the remainder when n(-4) is divided by g(-5)?
0
Let m = -2 - -14. Suppose -3*h = -2*k - 134, -k = -5 - 0. Suppose u = -3*u + 4*t + h, 0 = 3*u + t - 16. What is the remainder when m is divided by u?
5
Calculate the remainder when 94 is divided by 6/4*8 - 0.
10
Let o = -9 - -3. Let m be ((-3)/6)/(3/o). Suppose 3 + m = v. What is the remainder when 11 is divided by v?
3
Let n = 8 + 21. What is the remainder when 85 is divided by n?
27
Suppose 2*r - 54 - 52 = 4*s, 0 = 5*s - 5. What is the remainder when r is divided by 14?
13
Let o = 2 + 3. Let m be 5/((o + -2)/3). Suppose m*j = -27 + 67. Calculate the remainder when 31 is divided by j.
7
Let o be (-16)/(-9) - (-4)/18. Let r be o/4*-2 + 1. Let b = r + 3. What is the remainder when 5 is divided by b?
2
Let r = 66 - 59. Calculate the remainder when r is divided by 1.
0
Let s = 7 - 5. Suppose h - 6 + 1 = -u, -5*u - s*h + 25 = 0. Let x(f) = -f**2 + 6*f - 5. Calculate the remainder when u is divided by x(4).
2
Let y(x) = 41*x - 212. Let h = 13 - -5. Calculate the remainder when y(6) is divided by h.
16
Suppose -3*s + 5*y + 26 = 0, -5*s + 28 = -3*s + 2*y. Let g(c) = c**3 - 7*c**2 - 25*c - 4. Calculate the remainder when g(10) is divided by s.
10
Suppose 124 = 3*n + 13. Let k(g) = 2*g**2 - 21*g - 1. Calculate the remainder when n is divided by k(11).
7
Let p(s) = 7 - 5*s - 3*s - s**2 + 2*s**2. What is the remainder when p(9) is divided by 6?
4
Suppose -4*o + d - 4*d + 36 = 0, -5*o + 18 = -3*d. Suppose -2*r = -o - 32. Let l(b) = 2*b**2 - 4*b + 4. What is the remainder when r is divided by l(3)?
9
Let f = -42 - -93. Suppose 3 = -3*d + c, 3*c + 2 = 4*d + 1. Calculate the remainder when f is divided by d/((4/(-26))/1).
12
What is the remainder when (0 - 12/(-9))*15 is divided by 8?
4
Let i be 6/15*-1*10. Let j(k) = -4*k - 4. Calculate the remainder when j(i) is divided by 7.
5
Suppose -5*s = -h - 63 - 2, 0 = -s + 4*h + 13. What is the remainder when (-2)/(-1)*35/2 is divided by s?
9
Let d = 13 - 7. Calculate the remainder when 8 is divided by (-6)/(-5)*15/d